{"id":10,"date":"2017-07-04T02:13:52","date_gmt":"2017-07-04T02:13:52","guid":{"rendered":"http:\/\/146.83.132.55\/?page_id=10"},"modified":"2026-04-25T12:49:22","modified_gmt":"2026-04-25T16:49:22","slug":"home","status":"publish","type":"page","link":"https:\/\/www.picalab.cl\/","title":{"rendered":"ALTA-UACH 2026"},"content":{"rendered":"\n<p>Sonidos Min\u00fasculos , Sonidos May\u00fasculos .Curso de Exploraci\u00f3n Sonora y Creaci\u00f3n <\/p>\n\n\n\n<p><a href=\"https:\/\/musiclab.chromeexperiments.com\/Experiments\">https:\/\/musiclab.chromeexperiments.com\/Experiments<\/a><\/p>\n\n\n\n<p>Banco de Sonidos: <a href=\"https:\/\/drive.google.com\/drive\/folders\/1y5vXfaHrdnkXXY61j11MZq-E5feDoFI5?usp=sharing\">https:\/\/drive.google.com\/drive\/folders\/1y5vXfaHrdnkXXY61j11MZq-E5feDoFI5?usp=sharing<\/a><\/p>\n\n\n\n<p>Loops del Mundo<br><a href=\"https:\/\/drive.google.com\/drive\/folders\/1RxfAoVja-Ic5KCLY1-ZvrAf7rKGo5p-g\">https:\/\/drive.google.com\/drive\/folders\/1RxfAoVja-Ic5KCLY1-ZvrAf7rKGo5p-g<\/a><\/p>\n\n\n\n\n\n<p>Muestras de Coros<\/p>\n\n\n\n<p><a href=\"https:\/\/drive.google.com\/drive\/folders\/1Mp8-keRW3mbubMpy1sfaVvuhNLDwnIDh?usp=sharing\">https:\/\/drive.google.com\/drive\/folders\/1Mp8-keRW3mbubMpy1sfaVvuhNLDwnIDh?usp=sharing<\/a><\/p>\n\n\n\n<p>Sonidos de Aves e Incectos<\/p>\n\n\n\n<p><a href=\"https:\/\/xeno-canto.org\/\">https:\/\/xeno-canto.org\/<\/a><\/p>\n","protected":false},"excerpt":{"rendered":"<p>Sonidos Min\u00fasculos , Sonidos May\u00fasculos .Curso de Exploraci\u00f3n Sonora y Creaci\u00f3n https:\/\/musiclab.chromeexperiments.com\/Experiments Banco de Sonidos: https:\/\/drive.google.com\/drive\/folders\/1y5vXfaHrdnkXXY61j11MZq-E5feDoFI5?usp=sharing Loops del Mundohttps:\/\/drive.google.com\/drive\/folders\/1RxfAoVja-Ic5KCLY1-ZvrAf7rKGo5p-g Muestras de Coros https:\/\/drive.google.com\/drive\/folders\/1Mp8-keRW3mbubMpy1sfaVvuhNLDwnIDh?usp=sharing Sonidos de Aves e Incectos https:\/\/xeno-canto.org\/<\/p>\n","protected":false},"author":2,"featured_media":0,"parent":0,"menu_order":0,"comment_status":"closed","ping_status":"closed","template":"","meta":[],"_links":{"self":[{"href":"https:\/\/www.picalab.cl\/index.php\/wp-json\/wp\/v2\/pages\/10"}],"collection":[{"href":"https:\/\/www.picalab.cl\/index.php\/wp-json\/wp\/v2\/pages"}],"about":[{"href":"https:\/\/www.picalab.cl\/index.php\/wp-json\/wp\/v2\/types\/page"}],"author":[{"embeddable":true,"href":"https:\/\/www.picalab.cl\/index.php\/wp-json\/wp\/v2\/users\/2"}],"replies":[{"embeddable":true,"href":"https:\/\/www.picalab.cl\/index.php\/wp-json\/wp\/v2\/comments?post=10"}],"version-history":[{"count":259,"href":"https:\/\/www.picalab.cl\/index.php\/wp-json\/wp\/v2\/pages\/10\/revisions"}],"predecessor-version":[{"id":1145,"href":"https:\/\/www.picalab.cl\/index.php\/wp-json\/wp\/v2\/pages\/10\/revisions\/1145"}],"wp:attachment":[{"href":"https:\/\/www.picalab.cl\/index.php\/wp-json\/wp\/v2\/media?parent=10"}],"curies":[{"name":"wp","href":"https:\/\/api.w.org\/{rel}","templated":true}]}}