{"id":121,"date":"2017-08-05T23:44:52","date_gmt":"2017-08-05T23:44:52","guid":{"rendered":"http:\/\/146.83.132.55\/?page_id=121"},"modified":"2020-08-31T03:28:42","modified_gmt":"2020-08-31T03:28:42","slug":"descargas-picalab","status":"publish","type":"page","link":"https:\/\/www.picalab.cl\/index.php\/sample-page\/descargas-picalab\/","title":{"rendered":"Instrucciones para Instalar MMSI"},"content":{"rendered":"<h3><strong><img decoding=\"async\" loading=\"lazy\" class=\"wp-image-100 aligncenter\" src=\"http:\/\/146.83.132.55\/wp-content\/uploads\/2017\/08\/cromatica-300x135.png\" alt=\"\" width=\"373\" height=\"168\" srcset=\"https:\/\/www.picalab.cl\/wp-content\/uploads\/2017\/08\/cromatica-300x135.png 300w, https:\/\/www.picalab.cl\/wp-content\/uploads\/2017\/08\/cromatica-768x347.png 768w, https:\/\/www.picalab.cl\/wp-content\/uploads\/2017\/08\/cromatica.png 937w\" sizes=\"(max-width: 373px) 85vw, 373px\" \/><\/strong><strong>Pasos para descargar, instalar\u00a0 y operar los M\u00f3dulos MMSI :<\/strong> <strong><br \/>\nPRIMERO<\/strong><\/h3>\n<p><strong>a) Descargar\u00a0 e Instalar\u00a0 Pure Data Extended (pd-Extended) para PC o MAC<br \/>\n<\/strong><em>Pd-extended\u00a0 es gratuito, de c\u00f3digo abierto,\u00a0 licencia GNU GPL versi\u00f3n 3<br \/>\nLos archivos creados en pd son compatibles en Linux, MAC, Windo<\/em><\/p>\n<pre><em style=\"font-size: inherit;\"><b>b) Descarga recomendada\u00a0 de Pure Data\u00a0 Extended (pd-extended) para\u00a0 usar las aplicaciones MMSI en plataformas windows:<\/b><\/em>\n\n<em><a style=\"font-weight: bold;\" href=\"http:\/\/media.picalab.cl\/repo\/descargas\/Pure_data_extended\/PC\/\">WINDOWS 7, 10, xp\u00a0 <\/a><b>\u00a0\n<\/b><\/em>Los MMSI funcionan con <strong>pd-<em>extended<\/em> <\/strong><em><b>0.43.4 para WIN 7 .\n<\/b><\/em><em><b>Para WIN 10\u00a0 se instala Pure Data 0.42.5 <\/b><\/em>\u00a0y WinXP con Pd <em><b>0.42.5 <\/b><\/em><\/pre>\n<pre>c)\u00a0 En computadoras MAC OSCX estamos verificando qu\u00e9 versiones de  pd-extended funcionas sin problema. Podemos indicar La versi\u00f3n de pd-extended\u00a0 0.43.4 es compatible con sistemas operativos posteriores al sistema 10.10.5, Yosemite.\u00a0 Versiones Yosemite y anteriores pueden funcionar con versiones de pd-extended 0.42.5 y 0.43.4\u00a0 Acceda a descargar pd-extended\u00a0 aqu\u00ed:  \n<a style=\"font-weight: bold;\" href=\"http:\/\/media.picalab.cl\/repo\/descargas\/Pure_data_extended\/MAC\/\">MAC OSX - Intel\u00a0<\/a>\nLos MMSI funcionar\u00edan\u00a0 en sistemas operativos Yosemite( 10.10.5)  y anteriores con las versiones 0.42.4 y 0.43.4 de pd-extended.\nSistemas MAX OSX posteriores a Yosemite 10.10.5\u00a0 podr\u00edan funcionar con la version pd-extended 0.43.4<\/pre>\n<pre>d) Los MMSI no se han testeado en Linux.\nPd Extend para Linux se encuesntra como c\u00f3digo,\u00a0 lo que implica que\u00a0 hay que compilar las aplicaciones (pd,\u00a0 a menos que se encuentren en repositorios de instaladores de paquetes como apt-get. No existe un binario universal para linux porque todos los linux son distintas versiones\u00a0 o compilaciones de\u00a0 linux disponibles. Se recomienda la siguiente pagina para encontrarla:\n<a href=\"https:\/\/sourceforge.net\/projects\/pure-data\/files\/pd-extended\/\">https:\/\/sourceforge.net\/projects\/pure-data\/files\/pd-extended\/<\/a>\n<a href=\"https:\/\/sourceforge.net\/projects\/pure-data\/files\/pd-extended\/0.43.4\/Pd-extended_0.43.4-source.tar.bz2\/download\">https:\/\/sourceforge.net\/projects\/pure-data\/files\/pd-extended\/0.43.4\/Pd-extended_0.43.4-source.tar.bz2\/download<\/a><\/pre>\n<h3><strong>SEGUNDO:<\/strong><\/h3>\n<p><strong>DESCARGA EL ARCHIVO .ZIP DE \u00a0\u00c9L o LOS M\u00d3DULOS MMSI QUE VAS A USAR, en una \u00a0plataforma MAC o WINDOWS<\/strong><em><strong>.<\/strong><br \/>\n<a href=\"http:\/\/media.picalab.cl\/repo\/descargas\/Audiofracciones\/\">AUDIOFRACCIONES<\/a><br \/>\n<a href=\"http:\/\/media.picalab.cl\/repo\/descargas\/Audiogr%c3%a1ficos\/\">AUDIOGRAFICOS<\/a><br \/>\n<a href=\"http:\/\/media.picalab.cl\/repo\/descargas\/Audioenteros\/\">AUDIOENTEROS<\/a><br \/>\n<a href=\"http:\/\/media.picalab.cl\/repo\/descargas\/Multipulso\/\">MULTIPULSO<\/a><a href=\"http:\/\/media.picalab.cl\/descargas\/Multipulso\/\"><br \/>\n<\/a><\/em><em>Ej.:<br \/>\n<\/em>AF-win-07-08-2013-Beta AudioFracciones1.1- Windows-(.zip) \u00f3 ,<br \/>\nAG-win-AudioGraficos-beta-<wbr \/>11-17-08_2013\u00a0 para Win XP-Vista -win7(.zip).<br \/>\nAE-WIN-10-17-08-2013-beta-<wbr \/>Audioenteros para Windows(.zip)<br \/>\nMP-WIN-1.1BETA-07-08_2013-<wbr \/>Multipulso para Windows (.zip)<br \/>\nAG-WIN-AudioGraficos-beta-11-<wbr \/>17-08_2013 para Win XP-Vista -win7(.zip)<\/p>\n<h3>TERCERO (IMPORTANTE)<\/h3>\n<p><strong>NO OLVIDAR DESCOMPRIMIR\u00a0 EL ARCHIVO .ZIP DEL M\u00d3DULO MMSI QUE USAR\u00c1S<br \/>\n<\/strong>Cada uno de los cuatro M\u00f3dulos MMSI,\u00a0 est\u00e1n contenidos en una carpeta comprimida en formato .zip, con el nombre del m\u00f3dulo; por ejemplo : <strong>Audiofracciones1.0\u2013 WIN 20-07-2013 .zip .\u00a0<\/strong>Una vez descargado el archivo .zip, debes descomprimido y guardarlo dentro de una carpeta nueva con un nombre: por ejemplo: MMSI-AF. Si requieres ayuda en este paso solicitala.<\/p>\n<h3>CUARTO<\/h3>\n<p>En la carpeta descomprimida identifica el nombre la aplicaci\u00f3n MMSI que quieres usar: por ejemplo: <em>AudioFracciones_Win.<wbr \/>pd ,<\/em><em> \u00f3 AudioGr\u00e1ficos _Win.pd , \u00f3 AudioEnteros_Win.pd ,\u00a0 \u00f3 Multipulso.pd. ( ver Fig. 1)<br \/>\nHaz doble clic, en la que selecciones y se abrir\u00e1 inmediatamente.<\/em><\/p>\n<p><em><strong>!!IMPORTANTE!!<\/strong><br \/>\n<\/em><b>SOLO DEBES EJECUTAR UN M\u00d3DULO MMSI A LA VEZ !! De lo contrario es muy \u00a0probable que la aplicaci\u00f3n falle en alg\u00fan momento. Asegurate de trabajar con solo una aplicaci\u00f3n MMSI a la vez.<\/b><\/p>\n<p><b>Observaciones finales:<\/b><br \/>\n<b>Sobre el Contenido de la carpeta de una aplicaci\u00f3n MMSI:<\/b><br \/>\nAl\u00a0 descomprimir uno de los\u00a0 archivo .zip de por ejemplo AudioFracciones, encontrar\u00e1s una carpeta que contiene\u00a0 todos los archivos de la aplicaci\u00f3n MMSI. (ver fig. 1)<br \/>\nDentro de la carpeta debes buscar y \u00a0abrir el archivo principal que corresponde al nombre de\u00a0 la aplicaci\u00f3n \u00a0MMSI que vas usar.<\/p>\n<p>Este archivo principal, \u00a0tiene el nombre de la aplicaci\u00f3n que quieres usar, diferenciando para plataformas Apple-Mac de Windows, con las siglas MAC o WIN: ej.: <em>AudioFracciones_Win.pd ,<\/em><em>\u00a0\u00f3 AudioGr\u00e1ficos _Mac.pd , \u00f3 AudioEnteros_Win.pd , \u00f3 Multipulso_MAC.pd , etc.<\/em><\/p>\n<p>Fig. 1\u00a0 Se\u00f1ala con puntitos rojos archivo principal que debes hacer doble clic:<br \/>\n<img decoding=\"async\" loading=\"lazy\" class=\"alignright size-full wp-image-624\" src=\"https:\/\/www.picalab.cl\/wp-content\/uploads\/2020\/08\/Carpeta_mmsi.png\" alt=\"\" width=\"1024\" height=\"768\" srcset=\"https:\/\/www.picalab.cl\/wp-content\/uploads\/2020\/08\/Carpeta_mmsi.png 1024w, https:\/\/www.picalab.cl\/wp-content\/uploads\/2020\/08\/Carpeta_mmsi-300x225.png 300w, https:\/\/www.picalab.cl\/wp-content\/uploads\/2020\/08\/Carpeta_mmsi-768x576.png 768w\" sizes=\"(max-width: 709px) 85vw, (max-width: 909px) 67vw, (max-width: 1362px) 62vw, 840px\" \/><\/p>\n<p>Si usted no pudo instalar las aplicaciones MMSI . contactenos por mail a picalab@umce.cl<\/p>\n<p><img decoding=\"async\" loading=\"lazy\" class=\"alignright size-full wp-image-236\" src=\"http:\/\/146.83.132.55\/wp-content\/uploads\/2017\/08\/logosMMSI_250.jpg\" alt=\"\" width=\"250\" height=\"247\" \/><\/p>\n","protected":false},"excerpt":{"rendered":"<p>Pasos para descargar, instalar\u00a0 y operar los M\u00f3dulos MMSI : PRIMERO a) Descargar\u00a0 e Instalar\u00a0 Pure Data Extended (pd-Extended) para PC o MAC Pd-extended\u00a0 es gratuito, de c\u00f3digo abierto,\u00a0 licencia GNU GPL versi\u00f3n 3 Los archivos creados en pd son compatibles en Linux, MAC, Windo b) Descarga recomendada\u00a0 de Pure Data\u00a0 Extended (pd-extended) para\u00a0 usar &hellip; <a href=\"https:\/\/www.picalab.cl\/index.php\/sample-page\/descargas-picalab\/\" class=\"more-link\">Continua leyendo<span class=\"screen-reader-text\"> &#8220;Instrucciones para Instalar MMSI&#8221;<\/span><\/a><\/p>\n","protected":false},"author":2,"featured_media":0,"parent":2,"menu_order":0,"comment_status":"closed","ping_status":"closed","template":"","meta":[],"_links":{"self":[{"href":"https:\/\/www.picalab.cl\/index.php\/wp-json\/wp\/v2\/pages\/121"}],"collection":[{"href":"https:\/\/www.picalab.cl\/index.php\/wp-json\/wp\/v2\/pages"}],"about":[{"href":"https:\/\/www.picalab.cl\/index.php\/wp-json\/wp\/v2\/types\/page"}],"author":[{"embeddable":true,"href":"https:\/\/www.picalab.cl\/index.php\/wp-json\/wp\/v2\/users\/2"}],"replies":[{"embeddable":true,"href":"https:\/\/www.picalab.cl\/index.php\/wp-json\/wp\/v2\/comments?post=121"}],"version-history":[{"count":61,"href":"https:\/\/www.picalab.cl\/index.php\/wp-json\/wp\/v2\/pages\/121\/revisions"}],"predecessor-version":[{"id":782,"href":"https:\/\/www.picalab.cl\/index.php\/wp-json\/wp\/v2\/pages\/121\/revisions\/782"}],"up":[{"embeddable":true,"href":"https:\/\/www.picalab.cl\/index.php\/wp-json\/wp\/v2\/pages\/2"}],"wp:attachment":[{"href":"https:\/\/www.picalab.cl\/index.php\/wp-json\/wp\/v2\/media?parent=121"}],"curies":[{"name":"wp","href":"https:\/\/api.w.org\/{rel}","templated":true}]}}