{"id":172,"date":"2017-08-06T04:43:54","date_gmt":"2017-08-06T04:43:54","guid":{"rendered":"http:\/\/146.83.132.55\/?page_id=172"},"modified":"2021-07-17T23:34:38","modified_gmt":"2021-07-17T23:34:38","slug":"equipo-de-trabajo","status":"publish","type":"page","link":"https:\/\/www.picalab.cl\/index.php\/sample-page\/equipo-de-trabajo\/","title":{"rendered":"Equipo de Trabajo 2020"},"content":{"rendered":"<p><strong>Coordinador General:<\/strong><br \/>\nMag. Tom\u00e1s Thayer M.: <a href=\"mailto:tomas.thayer@umce.cl\">tomas.thayer@uach.cl<\/a><\/p>\n<p id=\"m_5906905360553992621footer\"><strong>Equipo CICCree<br \/>\n<span style=\"font-family: UICTFontTextStyleBody; font-size: inherit; line-height: 1.8;\">Directora Dra. Mar\u00eda Alicia Venegas : <\/span><a class=\"Yh1nIb asUmFb AL18ce\" style=\"font-family: UICTFontTextStyleBody; font-size: inherit; line-height: 1.8;\" href=\"mailto:maria.venegas@pucv.cl\" target=\"_blank\" rel=\"noopener noreferrer\" data-tooltip=\"Del perfil de Google del usuario\" data-tooltip-position=\"top\">maria.venegas@pucv.cl<\/a><br \/>\n<\/strong><span style=\"font-family: UICTFontTextStyleBody; font-size: inherit; line-height: 1.8;\"><span style=\"font-family: UICTFontTextStyleBody;\">Directora Proyecto PUCV:\u00a0 Mag. Mar\u00eda In\u00e9s Pezoa: <a href=\"http:\/\/maria.pezoa@pucv\">maria.pezoa@pucv<\/a><br \/>\n<\/span><\/span><span style=\"font-family: UICTFontTextStyleBody;\">Director del Proyecto UACH Tom\u00e1s ThayerM.\u00a0 <a href=\"mailto:tomas.thayer@uach.cl\">tomas.thayer@uach.cl<\/a><br \/>\n<\/span><span style=\"font-family: UICTFontTextStyleBody;\">Mag. Eduardo Pi\u00f1a:\u00a0 <a class=\"Yh1nIb asUmFb AL18ce\" href=\"mailto:eduardo.pina@umce.cl\" target=\"_blank\" rel=\"noopener noreferrer\" data-tooltip=\"Del perfil de Google del usuario\" data-tooltip-position=\"top\">eduardo.pina@umce.cl<\/a><br \/>\n<\/span><span style=\"font-family: UICTFontTextStyleBody;\">Dr. Eduardo Carrasco \/ (Tutor): <a class=\"Yh1nIb asUmFb AL18ce\" href=\"mailto:eduardo.carrasco@umce.cl\" target=\"_blank\" rel=\"noopener noreferrer\" data-tooltip=\"Del perfil de Google del usuario\" data-tooltip-position=\"top\">eduardo.carrasco@umce.cl<\/a><\/span><\/p>\n<p><span style=\"font-family: UICTFontTextStyleBody;\"><strong>Desarrollo y programaci\u00f3n Matem\u00e1tica Musical<\/strong><br class=\"m_5906905360553992621box-hilite\" \/>Mirko Petrovich: <a href=\"mailto:mirko.petrovich@gmail.com\" target=\"_blank\" rel=\"noopener noreferrer\">mirko.petrovich@gmail.<wbr \/>com<\/a><\/span><\/p>\n<p><strong>Investigadores Invitados<\/strong><br \/>\nDr. Jes\u00fas Tejada:\u00a0 Universidad de Valencia<br \/>\nIng. Randall Ledermann:\u00a0 randallomar@gmail.com<br \/>\nMag. Sebastian Herrera: jsherrera@gmail.com<\/p>\n<p><span style=\"font-family: UICTFontTextStyleBody;\"><strong>Colabora oficina de Egresados y Egresadas UMCE (Simedpro)<\/strong><br \/>\n<span class=\"m_5906905360553992621gD\">Dr. Alberto Lecaros Alvarado, <a class=\"Yh1nIb asUmFb AL18ce\" href=\"mailto:alberto.lecaros@umce.cl\" target=\"_blank\" rel=\"noopener noreferrer\" data-tooltip=\"Del perfil de Google del usuario\" data-tooltip-position=\"top\">alberto.lecaros@umce.cl<\/a><\/span><br \/>\n<strong>Asesor\u00eda Desarrollo TI<\/strong><br \/>\nOscar Belmar: <a class=\"Yh1nIb asUmFb AL18ce\" href=\"mailto:obelmar@2b.cl\" target=\"_blank\" rel=\"noopener noreferrer\" data-tooltip=\"De tus contactos de Google\" data-tooltip-position=\"top\">obelmar@2b.cl<\/a><\/span><\/p>\n<p>Tutores y Tutoras &#8230;.wip&#8230;<\/p>\n","protected":false},"excerpt":{"rendered":"<p>Coordinador General: Mag. Tom\u00e1s Thayer M.: tomas.thayer@uach.cl Equipo CICCree Directora Dra. Mar\u00eda Alicia Venegas : maria.venegas@pucv.cl Directora Proyecto PUCV:\u00a0 Mag. Mar\u00eda In\u00e9s Pezoa: maria.pezoa@pucv Director del Proyecto UACH Tom\u00e1s ThayerM.\u00a0 tomas.thayer@uach.cl Mag. Eduardo Pi\u00f1a:\u00a0 eduardo.pina@umce.cl Dr. Eduardo Carrasco \/ (Tutor): eduardo.carrasco@umce.cl Desarrollo y programaci\u00f3n Matem\u00e1tica MusicalMirko Petrovich: mirko.petrovich@gmail.com Investigadores Invitados Dr. Jes\u00fas Tejada:\u00a0 Universidad de &hellip; <a href=\"https:\/\/www.picalab.cl\/index.php\/sample-page\/equipo-de-trabajo\/\" class=\"more-link\">Continua leyendo<span class=\"screen-reader-text\"> &#8220;Equipo de Trabajo 2020&#8221;<\/span><\/a><\/p>\n","protected":false},"author":2,"featured_media":0,"parent":2,"menu_order":0,"comment_status":"closed","ping_status":"closed","template":"","meta":[],"_links":{"self":[{"href":"https:\/\/www.picalab.cl\/index.php\/wp-json\/wp\/v2\/pages\/172"}],"collection":[{"href":"https:\/\/www.picalab.cl\/index.php\/wp-json\/wp\/v2\/pages"}],"about":[{"href":"https:\/\/www.picalab.cl\/index.php\/wp-json\/wp\/v2\/types\/page"}],"author":[{"embeddable":true,"href":"https:\/\/www.picalab.cl\/index.php\/wp-json\/wp\/v2\/users\/2"}],"replies":[{"embeddable":true,"href":"https:\/\/www.picalab.cl\/index.php\/wp-json\/wp\/v2\/comments?post=172"}],"version-history":[{"count":17,"href":"https:\/\/www.picalab.cl\/index.php\/wp-json\/wp\/v2\/pages\/172\/revisions"}],"predecessor-version":[{"id":930,"href":"https:\/\/www.picalab.cl\/index.php\/wp-json\/wp\/v2\/pages\/172\/revisions\/930"}],"up":[{"embeddable":true,"href":"https:\/\/www.picalab.cl\/index.php\/wp-json\/wp\/v2\/pages\/2"}],"wp:attachment":[{"href":"https:\/\/www.picalab.cl\/index.php\/wp-json\/wp\/v2\/media?parent=172"}],"curies":[{"name":"wp","href":"https:\/\/api.w.org\/{rel}","templated":true}]}}